a factor of 26472?
True
Does 163 divide 19576?
False
Is 100 a factor of 2000?
True
Is 630 a multiple of 16?
False
Does 461 divide 78699?
False
Does 7 divide 145?
False
Does 32 divide 8536?
False
Does 15 divide 1140?
True
Is 12200 a multiple of 40?
True
Is 17 a factor of 50336?
False
Does 10 divide 2126?
False
Is 13490 a multiple of 10?
True
Is 6 a factor of 76?
False
Is 33507 a multiple of 27?
True
Is 12991 a multiple of 18?
False
Does 63 divide 3717?
True
Does 12 divide 1341?
False
Does 184 divide 8190?
False
Is 137 a factor of 3874?
False
Is 15 a factor of 60?
True
Is 130 a factor of 7606?
False
Does 3 divide 6097?
False
Does 4 divide 1032?
True
Is 2556 a multiple of 17?
False
Is 55 a factor of 715?
True
Is 9 a factor of 33?
False
Does 112 divide 2240?
True
Is 7 a factor of 196?
True
Does 5 divide 2790?
True
Is 38982 a multiple of 73?
True
Is 22 a factor of 1474?
True
Is 10 a factor of 860?
True
Is 13 a factor of 708?
False
Does 123 divide 11439?
True
Is 5 a factor of 565?
True
Does 37 divide 1702?
True
Is 15232 a multiple of 7?
True
Is 2589 a multiple of 17?
False
Is 32 a factor of 1120?
True
Does 8 divide 3672?
True
Is 9 a factor of 4951?
False
Is 3983 a multiple of 40?
False
Is 7 a factor of 30801?
False
Is 1637 a multiple of 18?
False
Is 78 a factor of 9522?
False
Is 56 a factor of 336?
True
Does 18 divide 29214?
True
Is 4402 a multiple of 71?
True
Is 32 a factor of 1376?
True
Does 88 divide 83864?
True
Is 960 a multiple of 6?
True
Is 4122 a multiple of 18?
True
Is 9 a factor of 828?
True
Is 39 a factor of 5942?
False
Does 42 divide 69720?
True
Is 33319 a multiple of 11?
True
Is 5837 a multiple of 9?
False
Does 4 divide 11388?
True
Does 60 divide 840?
True
Is 6928 a multiple of 36?
False
Is 9 a factor of 8217?
True
Is 28 a factor of 1030?
False
Does 14 divide 1917?
False
Is 125 a factor of 8727?
False
Is 3 a factor of 14442?
True
Does 7 divide 987?
True
Is 672 a multiple of 56?
True
Does 4 divide 28?
True
Does 20 divide 10940?
True
Is 29 a factor of 4379?
True
Is 3138 a multiple of 3?
True
Does 41 divide 3632?
False
Does 10 divide 19150?
True
Does 5 divide 4278?
False
Does 222 divide 103674?
True
Is 19 a factor of 988?
True
Is 16 a factor of 35?
False
Does 15 divide 660?
True
Is 244 a multiple of 61?
True
Is 3 a factor of 15?
True
Is 8 a factor of 328?
True
Is 104 a factor of 17992?
True
Is 4428 a multiple of 123?
True
Does 8 divide 21576?
True
Is 2 a factor of 1165?
False
Does 38 divide 12847?
False
Does 48 divide 1536?
True
Is 1364 a multiple of 21?
False
Is 6 a factor of 892?
False
Is 55 a factor of 9570?
True
Is 16 a factor of 32096?
True
Is 64 a factor of 1322?
False
Does 41 divide 2993?
True
Is 100 a factor of 1700?
True
Is 75 a factor of 375?
True
Is 2830 a multiple of 10?
True
Is 8 a factor of 2641?
False
Is 6311 a multiple of 113?
False
Is 12672 a multiple of 9?
True
Is 5556 a multiple of 23?
False
Is 1052 a multiple of 15?
False
Is 20 a factor of 1540?
True
Does 66 divide 1437?
False
Is 10 a factor of 35070?
True
Does 32 divide 27943?
False
Is 3763 a multiple of 9?
False
Is 44 a factor of 3081?
False
Does 6 divide 270?
True
Does 19 divide 2684?
False
Is 3315 a multiple of 85?
True
Is 975 a multiple of 34?
False
Is 89 a factor of 14296?
False
Does 31 divide 26877?
True
Is 3 a factor of 2594?
False
Is 22581 a multiple of 117?
True
Does 14 divide 88581?
False
Is 21 a factor of 57390?
False
Is 3224 a multiple of 7?
False
Is 7273 a multiple of 60?
False
Does 128 divide 12770?
False
Is 9 a factor of 18050?
False
Is 17 a factor of 309?
False
Is 30127 a multiple of 173?
False
Does 12 divide 120?
True
Does 14 divide 49?
False
Is 1026 a multiple of 6?
True
Is 54864 a multiple of 72?
True
Is 7 a factor of 7421?
False
Does 111 divide 222?
True
Is 12 a factor of 6288?
True
Is 23164 a multiple of 13?
False
Does 17 divide 3937?
False
Is 46 a multiple of 6?
False
Does 12 divide 13740?
True
Is 16810 a multiple of 10?
True
Does 135 divide 18280?
False
Is 51 a factor of 12426?
False
Does 71 divide 5372?
False
Does 37 divide 365?
False
Is 501 a multiple of 43?
False
Does 6 divide 873?
False
Is 62 a multiple of 22?
False
Is 61 a factor of 6827?
False
Is 13 a factor of 664?
False
Does 20 divide 194?
False
Is 27 a factor of 4638?
False
Does 78 divide 35100?
True
Does 20 divide 51000?
True
Does 25 divide 5318?
False
Does 251 divide 12048?
True
Is 17 a factor of 12036?
True
Does 14 divide 1632?
False
Is 66 a multiple of 5?
False
Does 208 divide 41184?
True
Is 3609 a multiple of 9?
True
Does 7 divide 354?
False
Is 26 a factor of 427?
False
Is 3545 a multiple of 99?
False
Is 9489 a multiple of 42?
False
Does 9 divide 1098?
True
Is 8 a factor of 760?
True
Does 6 divide 500?
False
Does 16 divide 785?
False
Does 17 divide 476?
True
Is 120 a factor of 11760?
True
Is 48 a multiple of 6?
True
Is 56 a factor of 15373?
False
Does 44 divide 9988?
True
Is 25800 a multiple of 167?
False
Does 65 divide 5395?
True
Is 10 a factor of 1694?
False
Is 1458 a multiple of 6?
True
Is 1399 a multiple of 3?
False
Does 52 divide 12428?
True
Is 2220 a multiple of 85?
False
Does 14 divide 1932?
True
Does 8 divide 180?
False
Is 20346 a multiple of 45?
False
Does 13 divide 4081?
False
Is 3 a factor of 2131?
False
Does 71 divide 2272?
True
Does 34 divide 111?
False
Is 47 a factor of 36571?
False
Is 90 a multiple of 9?
True
Does 24 divide 184?
False
Does 4 divide 584?
True
Does 17 divide 19967?
False
Is 43 a factor of 3917?
False
Is 716 a multiple of 7?
False
Is 43 a factor of 947?
False
Is 18473 a multiple of 17?
False
Is 5 a factor of 644?
False
Is 51 a factor of 745?
False
Is 11 a factor of 13137?
False
Is 2408 a multiple of 68?
False
Is 45 a factor of 13585?
False
Is 78 a factor of 1513?
False
Is 38 a multiple of 9?
False
Is 43 a factor of 46655?
True
Does 41 divide 1233?
False
Is 90216 a multiple of 56?
True
Is 65 a factor of 1113?
False
Does 14 divide 23380?
True
Is 2 a factor of 724?
True
Does 2 divide 146?
True
Is 706 a multiple of 27?
False
Does 3 divide 457?
False
Is 31 a factor of 6758?
True
Is 4049 a multiple of 60?
False
Is 4436 a multiple of 36?
False
Is 2519 a multiple of 80?
False
Is 10764 a multiple of 4?
True
Is 5 a factor of 361?
False
Is 2754 a multiple of 2?
True
Does 21 divide 161?
False
Is 35 a factor of 1470?
True
Is 18 a factor of 6732?
True
Does 214 divide 11556?
True
Does 20 divide 1020?
True
Is 6 a factor of 115?
False
Is 341 a factor of 30008?
True
Does 120 divide 1538?
False
Does 20 divide 620?
True
Is 20 a factor of 1031?
False
Is 147 a factor of 18777?
False
Does 49 divide 2940?
True
Is 8153 a multiple of 58?
False
Is 30 a factor of 720?
True
Is 10 a factor of 25?
False
Does 14 divide 3504?
False
Is 69 a factor of 495?
False
Is 1160 a multiple of 145?
True
Is 12 a factor of 111?
False
Is 19 a factor of 1165?
False
Is 6160 a multiple of 16?
True
Does 15 divide 52695?
True
Is 38 a factor of 304?
True
Is 2650 a multiple of 28?
False
Does 33 divide 70915?
False
Does 9 divide 426?
False
Is 185 a multiple of 4?
False
Does 73 divide 13022?
False
Does 31 divide 1860?
True
Does 33 divide 1011?
False
Is 50 a factor of 3150?
True
Is 5349 a multiple of 2?
False
Is 105 a factor of 9240?
True
Is 3547 a multiple of 87?
False
Does 44 divide 11595?
False
Does 38 divide 380?
True
Is 55 a factor of 1540?
True
Does 6 divide 180?
True
Is 126 even?
True
Is 16 a factor of 1545?
False
Is 41 a factor of 84075?
False
Does 107 divide 14766?
True
Is 67 a factor of 62095?
False
Is 2838 a multiple of 22?
True
Is 18813 a multiple of 24?
False
Is 6894 a multiple of 18?
True
Is 30636 a multiple of 138?
True
Does 122 divide 2908?
False
Does 14 divide 33530?
True
Does 27 divide 1620?
True
Is 7029 a multiple of 9?
True
Is 180 a multiple of 20?
True
Does 7 divide 518?
True
Does 3 divide 15142?
False
Does 8 divide 1808?
True
Is 6720 a multiple of 5?
True
Is 945 a multiple of 35?
True
Is 6 a factor of 254?
False
Is 13 a factor of 2124?
False
Is 1423 a multiple of 9?
False
Does 81 divide 23976?
True
Does 16 divide 176?
True
Does 8 divide 709?
False
Is 61 a factor of 366?
True
Does 85 divide 4106?
False
Does 37 divide 740?
True
Does 7 divide 13134?
False
Is 26768 a multiple of 16?
True
Is 1350 a multiple of 25?
True
Is 987 a multiple of 8?
False
Is 769 even?
False
Is 5 a factor of 275?
T